n factor of 24 and 3531436.
4
Calculate the greatest common factor of 107695 and 238.
119
Calculate the greatest common divisor of 2624525 and 11285.
305
Calculate the highest common divisor of 33220 and 39220.
20
Calculate the greatest common factor of 357656 and 448552.
1976
What is the highest common factor of 30487653 and 1323?
441
What is the highest common divisor of 6993 and 3318?
21
Calculate the highest common factor of 679098 and 286881.
399
Calculate the highest common factor of 27 and 1057047.
3
Calculate the highest common divisor of 1368 and 17676840.
456
What is the highest common divisor of 6272 and 62047132?
196
Calculate the highest common factor of 1590 and 2559780.
30
Calculate the highest common factor of 54366780 and 36.
12
What is the greatest common factor of 1561735296 and 2816?
1408
What is the greatest common divisor of 32285 and 2465?
5
What is the greatest common factor of 1870 and 5875965?
85
What is the highest common divisor of 243 and 2820764898?
243
What is the greatest common factor of 25032 and 21548380?
4172
Calculate the highest common divisor of 74129488 and 2006.
118
Calculate the highest common divisor of 21 and 2226621348.
21
Calculate the greatest common factor of 51 and 3734713.
17
What is the highest common divisor of 321770 and 37720?
230
Calculate the highest common factor of 123850278 and 10755.
2151
Calculate the highest common divisor of 48656 and 483376.
16
Calculate the highest common divisor of 43706 and 464858.
82
What is the highest common factor of 2254852600 and 1925?
1925
Calculate the highest common factor of 127 and 198264653.
127
What is the greatest common factor of 297 and 64408473?
27
Calculate the greatest common divisor of 53382701 and 1357.
23
Calculate the highest common factor of 88473 and 45241875.
8043
Calculate the highest common factor of 6214 and 19498576.
478
What is the highest common divisor of 1154730 and 465?
15
Calculate the greatest common factor of 60 and 12181290.
30
What is the highest common divisor of 4 and 135854764?
4
What is the highest common divisor of 180923 and 8327?
757
What is the greatest common divisor of 200931608 and 1184?
296
What is the highest common divisor of 351380 and 3920?
20
What is the highest common factor of 609 and 17182065?
87
What is the greatest common factor of 2860132 and 44?
44
What is the highest common divisor of 60 and 163620516?
12
Calculate the greatest common divisor of 207 and 39296029.
23
What is the greatest common divisor of 2265056 and 2784?
32
Calculate the highest common factor of 640469 and 1692.
47
What is the greatest common divisor of 11711175 and 5775?
525
What is the greatest common divisor of 300423 and 1677063?
717
What is the greatest common factor of 8823 and 225573?
51
What is the highest common divisor of 189991 and 30048?
313
Calculate the greatest common factor of 87590 and 4153610.
4610
What is the highest common factor of 869561035 and 2555?
2555
Calculate the highest common factor of 7631966 and 45332.
3238
What is the highest common factor of 16867557 and 287?
7
What is the highest common divisor of 805636257 and 717?
717
Calculate the highest common divisor of 4371 and 13659093.
141
What is the highest common divisor of 57432 and 548544?
24
What is the highest common divisor of 1288143343 and 56636?
14159
Calculate the greatest common divisor of 138 and 299690414.
46
Calculate the highest common divisor of 107602 and 2410.
2
Calculate the highest common divisor of 10825647 and 9.
3
Calculate the greatest common divisor of 2196 and 172474572.
732
Calculate the greatest common divisor of 1101868 and 164.
4
Calculate the highest common divisor of 1409205159 and 9.
9
What is the greatest common divisor of 58780306 and 104?
26
Calculate the greatest common factor of 889 and 386207.
127
What is the highest common divisor of 75 and 90500115?
15
What is the greatest common factor of 21704 and 31988983?
2713
Calculate the greatest common divisor of 28 and 688665712.
28
Calculate the highest common divisor of 312 and 6290440.
104
What is the greatest common factor of 3883 and 90858317?
3883
Calculate the greatest common divisor of 10026513 and 174849.
501
Calculate the highest common divisor of 132 and 761376957.
33
Calculate the highest common factor of 66116522 and 12798.
158
What is the highest common factor of 146960 and 37098160?
880
What is the highest common factor of 5335719 and 6504?
813
What is the greatest common divisor of 39 and 136969859?
13
Calculate the highest common divisor of 2323 and 131603.
101
Calculate the greatest common factor of 462438 and 272548.
2234
Calculate the greatest common factor of 148 and 77394084.
148
What is the highest common factor of 11992100 and 400?
100
What is the greatest common factor of 45339668 and 904?
452
Calculate the highest common divisor of 320 and 90885.
5
What is the highest common factor of 38420280 and 3952?
152
What is the highest common divisor of 1118 and 2151318?
26
What is the greatest common factor of 99146 and 326?
2
What is the greatest common divisor of 43173279 and 9?
9
What is the highest common factor of 237 and 58406833?
79
What is the highest common factor of 180 and 29404?
4
What is the highest common divisor of 87197 and 23243?
11
Calculate the highest common factor of 952 and 8235633.
119
What is the greatest common factor of 153 and 66294747?
153
Calculate the highest common divisor of 4495120 and 112.
112
What is the greatest common factor of 21278598 and 44?
22
Calculate the highest common factor of 9 and 802697796.
9
Calculate the highest common divisor of 25 and 466997.
1
What is the greatest common divisor of 7434279 and 315?
9
What is the greatest common divisor of 15938 and 133588?
26
Calculate the greatest common factor of 3663 and 1996446.
111
What is the highest common divisor of 2348515383 and 13038?
6519
What is the highest common factor of 11382 and 1343846?
14
Calculate the highest common divisor of 6232 and 540641580.
3116
What is the highest common factor of 12 and 12063933?
3
Calculate the highest common factor of 1220555352 and 50784.
12696
What is the highest common factor of 377735767 and 17?
17
What is the greatest common factor of 553679 and 1128771?
3059
Calculate the highest common divisor of 1166 and 24251051.
583
What is the greatest common divisor of 1476808 and 13212?
1468
What is the greatest common factor of 8346 and 21507?
321
What is the highest common divisor of 786376023 and 369?
123
Calculate the greatest common factor of 54324666 and 36.
18
Calculate the highest common factor of 67944 and 20976.
456
Calculate the greatest common divisor of 336 and 202594896.
336
What is the highest common divisor of 102 and 1345703?
17
Calculate the greatest common divisor of 249 and 74248646.
83
What is the highest common factor of 2901 and 30129?
3
What is the greatest common divisor of 2054070044 and 274?
274
What is the highest common divisor of 12 and 2287359?
3
Calculate the greatest common factor of 6300 and 1260546.
42
What is the greatest common divisor of 198 and 1778722?
22
Calculate the greatest common factor of 21770 and 213510.
10
What is the greatest common divisor of 1235520 and 59202?
2574
What is the highest common factor of 112 and 111204912?
112
What is the greatest common factor of 1412612653 and 9371?
9371
Calculate the highest common divisor of 547575 and 40509.
21
Calculate the greatest common divisor of 3977 and 334109.
41
Calculate the greatest common divisor of 120 and 178656.
24
What is the greatest common divisor of 518 and 53025070?
518
Calculate the greatest common divisor of 4 and 2651976.
4
What is the greatest common factor of 148 and 2716392?
148
Calculate the highest common factor of 71364556 and 20.
4
Calculate the greatest common divisor of 196479432 and 405.
81
Calculate the greatest common factor of 15822212 and 588.
28
What is the greatest common divisor of 2190 and 498450?
30
What is the highest common factor of 169 and 122503303?
13
Calculate the greatest common divisor of 22552212 and 84.
12
What is the greatest common divisor of 30128748 and 156?
156
What is the greatest common factor of 6045 and 2643615?
195
What is the greatest common factor of 115362 and 54?
1